 be the first derivative of -p**3/3 - 3*p**2 + 5*p + 60. Calculate t(h).
-11
Let z(j) = -j**3 - 2*j**2 - 4*j - 4. Let r be z(-2). Suppose -5*q + 5*t = -75, 5*q - 102 = -0*q - r*t. Let b(o) = 6 + 3 + 10 - o - q. Give b(3).
-2
Let y(d) = d**2 + 4*d + 1. Let n(p) = -p. Let f(w) = w + 0*w + 9 + 8*w + 2*w**2. Let x(s) = -f(s) - 3*n(s). Let q be x(-2). What is y(q)?
6
Let q(x) = 7*x - 1. Let r = 137 - 148. Let o = r + 13. What is q(o)?
13
Let m(z) be the second derivative of z**4/4 - z**3/2 + z**2/2 + 6*z. Suppose -g + 6 = 3*k, -g - 47*k + 42*k = -8. Calculate m(g).
19
Let u(o) = 19*o - 22*o**2 + 17 + 20*o**2 - 7. What is u(12)?
-50
Suppose 2*c + m - 6 = 0, 0 = -2*c + m - 0*m + 10. Let g(l) = c*l**2 - 31*l**3 - 3 + 30*l**3 + 2. Give g(3).
8
Let k = 5 + -1. Suppose 2*r = k*t + 20, -r - 1 + 16 = -3*t. Let q(j) = -2*j - 3. Give q(t).
7
Let h be (-12)/7*7*9/(-6). Let b(a) = h*a + 26 - 3*a - 7*a - 3*a. Determine b(-6).
-4
Suppose -2*m - 4*c - 22 = 0, -3*c + 18 = -4*m + 2*c. Let s be (0 - (m - -2)) + 1. Suppose 10 + 2 = -s*r. Let a(t) = -t. Calculate a(r).
2
Let b(s) = s**2 + 9*s + 10. Let c be ((-9)/(-15))/(2/(-120)*-4). Suppose 0 = -x + c - 5. Suppose -3*r = -l - 7*r - 27, 2*r = -x*l - 38. What is b(l)?
-4
Let v(c) = 5*c**2 + c + 3. Let t(z) = 15*z**2 + 2*z + 10. Let s(i) = 2*t(i) - 7*v(i). Let r(f) = -f**2 + 42*f - 2. Let w be r(42). Give s(w).
-15
Let b(x) = -2*x**2 + 2*x - 2. Let k(w) = w**3 + 6*w**2 - 2*w + 7. Let l(f) = 6*b(f) + k(f). Give l(4).
3
Let w(q) = -3*q + 1. Let x(v) = -v - 1. Suppose -2 = -u - 4. Let a(n) = u*x(n) + w(n). Let d be (1016/88 + -11)/((-3)/(-22)). Give a(d).
-1
Let k(w) = -w**3 + 5*w**2 - 2*w. Let l(a) = -9*a + 1. Let d be l(-5). Let y = 5073 + -5022. Let g = y - d. Determine k(g).
-10
Let t = -7152 + 7155. Let f(v) = -v**3 - v**2 + 3*v - 8. Calculate f(t).
-35
Let n = 212344 - 212347. Let v(f) = -2*f + 6. Let d(u) = u - 2. Let q(j) = -j + 11. Let a be q(0). Let x(o) = a*d(o) + 4*v(o). Determine x(n).
-7
Let r(w) = -32 - 7 + 3 + 2*w - 33. Let s be r(37). Let f(b) = b**3 - 4*b**2 - 7*b + 3. Give f(s).
-7
Suppose 35 = 5*o + 2*r, 5*o - 5*r - 97 = -27. Let d(n) = -7*n + 53. What is d(o)?
-10
Let f(i) be the first derivative of i**3/6 + 3*i**2/2 - 11*i + 5. Let a(k) be the first derivative of f(k). Suppose 10*j - 12*j = 0. Determine a(j).
3
Let m(k) = 2*k**2 - 65*k + 26. Let a be m(32). Let w(j) = 4*j - 35. Let t(o) = 4. Let d(b) = a*t(b) - w(b). Calculate d(8).
-21
Let d(u) = -6*u**2 + 8*u + 5. Let i(q) be the second derivative of -q**4/3 + q**3 + 2*q**2 - 39*q - 2. Let y(g) = -3*d(g) + 4*i(g). Give y(-4).
33
Let j(t) = t**3 + 3*t**2 + 110*t + 332. Let s be j(-3). Let c be 2/4*2*2. Let p(o) = -o + o**s + 2*o + o + c*o. What is p(-6)?
12
Let r(x) = -133*x**2 + 16*x - 3. Let n(y) = 80*y**2 - 8*y + 2. Let p(k) = 5*n(k) + 3*r(k). Suppose 5*q + i + 4*i + 35 = 0, 0 = -q + i - 5. Calculate p(q).
-11
Let r(p) = -p**3 - 7*p**2 - 8*p - 6. Suppose 4*d = -5*u + 29 + 3, -45 = -5*d - 5*u. Let b = d + -9. Suppose 15 = -b*o + 3*m - 9, -o - 6 = -3*m. What is r(o)?
6
Let q(b) be the second derivative of 1/4*b**4 + 6 + 3*b - 1/20*b**5 - 1/6*b**3 + b**2. Give q(2).
4
Let f(x) = x**3 - 19*x**2 + 2*x + 19. Let a = 4769 + -4750. Calculate f(a).
57
Let z(p) be the second derivative of p**4/6 + p**3/3 - 8*p**2 - 1309*p. Give z(-4).
8
Let u(n) = -7*n**2 - 3*n**2 + 34*n + n**2 - 6*n**2 - 171 - n**3 + 166. Determine u(-17).
-5
Let g(t) = t**3 - 4*t**2 - t + 16. Let n be g(3). Let d be (-3 - n)/7 + (-9)/3. Let q(o) = 3*o - 3. Determine q(d).
-15
Let c = 4 - 5. Let b(r) be the first derivative of 7*r**2/2 + r + 1981. Give b(c).
-6
Let m(z) = z**2 + 5*z + 3. Suppose 22 + 86 = 27*t. Suppose -7 = -4*r + 3*r - t*b, 0 = 4*r + 2*b + 14. Determine m(r).
3
Suppose 0 = 4*s + 6 + 14. Let q = s - -8. Let w be -8 + (5 - (4 - q)). Let k(o) = o**3 + 4*o**2 - 2*o + 2. What is k(w)?
10
Let q(y) = -y**2 - 3*y + 4. Suppose -3*x = x - 8. Suppose -518*l + 18 = -512*l. Suppose -3*p - 10 = -2*o + l*o, -x*p = 5*o - 2. What is q(p)?
0
Let v(r) be the first derivative of 3*r**4/8 - r**3/6 - 3*r**2/2 - 2*r - 53. Let j(y) be the second derivative of v(y). Determine j(1).
8
Let q = 224 + -230. Let l(z) = 1. Let t(p) = p - 2. Let w = -17 - -12. Let o(v) = w*l(v) - t(v). Calculate o(q).
3
Let w(m) be the third derivative of 0*m**3 + 90*m**2 + 0*m + 0 - 1/24*m**4 - 7/20*m**5. What is w(1)?
-22
Let j be ((-67784)/8)/((-3)/3). Let n be (-1 + 3445/10)*(-74)/(-3). Let y(c) = c + n - j. What is y(10)?
10
Let c be (-10)/(-4)*(-20)/100 - (-4 + 1). Let x(v) be the first derivative of c*v**2 - 14 - 1/4*v**4 - 5/3*v**3 - 4*v. Determine x(-6).
2
Let z(n) = n**3 - 11*n**2 - 11*n + 121. Let r be z(11). Let k(g) = 15*g + 21. What is k(r)?
21
Let x be -4 + (-3 - (-9 - 2)). Suppose -5*k + x*u + 203 = -0*u, 5*k + 5*u = 185. Let s = k + -43. Let p(y) = y**3 + 3*y**2 - 3*y + 4. Calculate p(s).
0
Let n be -9*((-16)/252)/(26/(-91)). Let m(g) = -5*g**3 - 2*g**2 - 5*g - 1. Calculate m(n).
41
Let t(f) be the third derivative of f**5/60 - f**4/12 + 5*f**3/6 + 4*f**2 + 8*f. Suppose 3*g = 8*g - 25. Calculate t(g).
20
Let l(k) = -192641 - k**2 - 5*k + 0*k + 192636. Let z(i) = -2*i**2 + 2. Suppose -7*y + 2*y = -5*r - 5, 0 = y + r - 3. Let n be z(y). Determine l(n).
-11
Let y(s) = 374*s - 770. Let m(q) = 21*q - 44. Let d(b) = 55*m(b) - 3*y(b). Give d(5).
55
Let c = -243 - -243. Suppose -5*o - 5*a + 30 = c, a + 36 = 3*o - 2. Let f(t) = 3*t - 32. What is f(o)?
1
Let y be ((4 + -28)/4)/2. Let x(c) = -24*c**3 + 4*c**2 - 3*c + 1. Let u(q) = -19*q**3 + 4*q**2 - 2*q + 1. Let k(i) = 5*u(i) - 4*x(i). Give k(y).
4
Let v(i) = -4*i**3 + 28*i**2 + i - 3. Let k be v(7). Let q(d) = -d - 315 - d**2 - k*d + 321. Calculate q(-7).
-8
Let y(l) be the second derivative of -5*l**4/12 + 3*l**3/2 - 4*l**2 - 1948*l. Calculate y(2).
-10
Let w(l) = 35*l**2 - 115*l**2 + 34*l**2 - 11 + 43*l**2 + 16*l. Calculate w(5).
-6
Let t be 7*1*(-3)/(-7). Let h be -2*(-2)/(-6)*(-66)/22. Let b(i) = 16 - 13 + i + t*i**h - 3*i + i**3 - i. Determine b(-4).
-1
Let s(z) = 80*z - 4. Suppose 7 = t, 294*u - 298*u = 2*t - 14. Calculate s(u).
-4
Let j(i) be the third derivative of i**2 + 0*i + 1/24*i**4 - 1/60*i**5 - 1/6*i**3 + 0 + 1/120*i**6. Suppose 64 + 1 = -5*w + 10*p, 0 = -4*p + 28. Determine j(w).
0
Let t(l) = 9*l - 9. Let c(d) = -38*d + 39. Let x = -13 - -11. Let m(g) = x*c(g) - 9*t(g). Determine m(-2).
13
Let j be ((-3)/(-21) - (-113)/(-7))/2. Let f(m) be the second derivative of -m**4/12 - 3*m**3/2 - 10*m**2 - 92*m. What is f(j)?
-12
Let y(t) be the second derivative of t**4/12 - t**3/2 - t**2/2 + 49*t. Let m(z) = -z**3 + 14*z**2 - 26*z + 4. Let s(p) = m(p) - 6*y(p). Determine s(7).
3
Let m(u) = -u**3 - 8*u**2 + 2*u + 8. Let v(p) = 2*p**3 + 5*p**2 - 2*p - 18. Let g be v(-5). Let s = g + 82. Let c = s + 43. Determine m(c).
-8
Let b(s) be the third derivative of s**7/5040 + s**6/360 - 11*s**5/20 + 124*s**2. Let t(n) be the third derivative of b(n). What is t(-3)?
-1
Let z(b) = 9*b**3 - 3*b**2 - 34*b - 29. Let o(q) = -5*q**3 + 2*q**2 + 18*q + 15. Let l(w) = -7*o(w) - 4*z(w). Determine l(3).
-4
Let l(t) be the second derivative of t**7/840 + t**6/72 + t**5/40 + t**4/6 - 2*t**3/3 + t**2 - 12*t. Let d(r) be the second derivative of l(r). Determine d(-5).
-11
Let t(q) = -3*q**2 + 2345 - 4721 + 7*q + 2364. Calculate t(5).
-52
Let h(z) = 11*z**3 - 4*z**2 - 15*z - 3. Let l(p) = -15*p**3 + 2*p**2 + 17*p + 3. Let j(o) = 4*h(o) + 3*l(o). Let v = -7 - 2. Determine j(v).
-3
Suppose 24 = 20*q + 4. Let d be 3/((-6 - -7)*1/q). Let a(i) = 2*i**3 - 3*i**2 + 3*i. What is a(d)?
36
Let r(g) = g**3 - 6*g**2 - 4*g - 6. Let v(y) = -20*y - 34. Let f(a) = -a**2 + 9*a - 20. Let j be f(6). Let s be v(j). Give r(s).
-30
Let q(o) = o**3 - o**2 + o + 41. Let m = -1890 + 1890. Determine q(m).
41
Let b(q) = 33*q**2 + 563606 - 563606. Calculate b(-1).
33
Let w be ((-51)/(-17))/(3/4). Let v(p) = -1758*p + 6 - w + 1754*p. What is v(-2)?
10
Suppose 23 = 3*i - 5*x + 5, 0 = 2*i - x - 5. Let c(g) = -5*g**3 + 4*g**3 - i + 3. Let z(o) = -2*o**2 - 29*o - 41. Let f be z(-13). Calculate c(f).
10
Let x(v) be the second derivative of -1/6*v**3 - 10*v - 8 + 1/2*v**2. Calculate x(3).
-2
Let l(j) = -j - 3. Let a be 17/(-2) + (-15)/(-24) + 5/(-40). Determine l(a).
5
Let f(o) be the second derivative of o**3